
List the prime factors of 866267.
19, 127, 359
List the prime factors of 3830576.
2, 17, 14083
List the prime factors of 1547556.
2, 3, 29, 4447
List the prime factors of 896713.
47, 19079
List the prime factors of 201265.
5, 40253
What are the prime factors of 18974610?
2, 3, 5, 43, 4903
List the prime factors of 5353988.
2, 79, 16943
List the prime factors of 820592.
2, 51287
What are the prime factors of 532124?
2, 151, 881
List the prime factors of 7964509.
7, 23, 37, 191
What are the prime factors of 38460073?
61, 630493
What are the prime factors of 7178398?
2, 727, 4937
List the prime factors of 3077761.
79, 38959
List the prime factors of 2396098.
2, 1198049
What are the prime factors of 3665033?
3665033
List the prime factors of 1513722.
2, 3, 7, 23, 1567
List the prime factors of 318972.
2, 3, 19, 1399
List the prime factors of 21629098.
2, 619, 17471
What are the prime factors of 1493198?
2, 7, 106657
List the prime factors of 152898.
2, 3, 17, 1499
List the prime factors of 999971.
7, 23, 6211
List the prime factors of 834460.
2, 5, 11, 3793
List the prime factors of 577330.
2, 5, 13, 4441
What are the prime factors of 132438?
2, 3, 22073
What are the prime factors of 240009?
3, 7, 11, 1039
List the prime factors of 3062694.
2, 3, 510449
List the prime factors of 84087.
3, 9343
List the prime factors of 269214.
2, 3, 11, 4079
List the prime factors of 30301974.
2, 3, 311, 5413
List the prime factors of 1125550.
2, 5, 22511
List the prime factors of 18949679.
7, 17, 59, 2699
List the prime factors of 194893.
79, 2467
What are the prime factors of 4965318?
2, 3, 223, 1237
What are the prime factors of 1184386?
2, 7, 31, 2729
List the prime factors of 1844015.
5, 368803
What are the prime factors of 26344818?
2, 3, 29, 16823
What are the prime factors of 6071477?
229, 26513
What are the prime factors of 3042858?
2, 3, 7, 13, 5573
List the prime factors of 248579.
248579
List the prime factors of 1290084.
2, 3, 107507
List the prime factors of 345805.
5, 23, 31, 97
What are the prime factors of 179877?
3, 17, 3527
What are the prime factors of 1945596?
2, 3, 73, 2221
What are the prime factors of 4123373?
97, 42509
What are the prime factors of 136050?
2, 3, 5, 907
What are the prime factors of 381080?
2, 5, 7, 1361
What are the prime factors of 33111140?
2, 5, 1655557
What are the prime factors of 211584?
2, 3, 19, 29
List the prime factors of 394038.
2, 3, 7297
What are the prime factors of 230339?
230339
List the prime factors of 1869126.
2, 3, 7, 191, 233
List the prime factors of 201048.
2, 3, 8377
List the prime factors of 25830433.
2161, 11953
List the prime factors of 291565.
5, 58313
What are the prime factors of 6673658?
2, 3336829
What are the prime factors of 84644?
2, 7, 3023
List the prime factors of 734283.
3, 11, 7417
What are the prime factors of 328593?
3, 17, 379
What are the prime factors of 983626?
2, 7, 10037
What are the prime factors of 3741852?
2, 3, 311821
List the prime factors of 7729.
59, 131
What are the prime factors of 5994871?
5994871
What are the prime factors of 12754561?
59, 216179
List the prime factors of 2676528.
2, 3, 18587
List the prime factors of 35040.
2, 3, 5, 73
List the prime factors of 27647.
27647
What are the prime factors of 136078?
2, 19, 3581
What are the prime factors of 1133100?
2, 3, 5, 1259
List the prime factors of 11881430.
2, 5, 11, 108013
List the prime factors of 660125.
5, 5281
List the prime factors of 1362719.
1362719
What are the prime factors of 412239?
3, 137413
What are the prime factors of 2051722?
2, 41, 131, 191
What are the prime factors of 242135?
5, 79, 613
What are the prime factors of 137669?
7, 71, 277
List the prime factors of 28283154.
2, 3, 127, 37117
List the prime factors of 15687612.
2, 3, 31, 14057
List the prime factors of 14730720.
2, 3, 5, 30689
What are the prime factors of 3084005?
5, 29, 21269
What are the prime factors of 423206?
2, 7, 19, 37, 43
List the prime factors of 2989378.
2, 7, 29, 37, 199
What are the prime factors of 36090088?
2, 4511261
What are the prime factors of 118994?
2, 59497
What are the prime factors of 2367034?
2, 857, 1381
What are the prime factors of 3796527?
3, 7, 347, 521
List the prime factors of 721887.
3, 41, 5869
List the prime factors of 1212385.
5, 43, 5639
What are the prime factors of 576459?
3, 13, 379
What are the prime factors of 1458399?
3, 486133
What are the prime factors of 1933901?
1231, 1571
List the prime factors of 294246.
2, 3, 5449
List the prime factors of 14279375.
5, 11, 31, 67
List the prime factors of 9581032.
2, 239, 5011
List the prime factors of 472697.
472697
List the prime factors of 316348.
2, 79087
List the prime factors of 231394.
2, 127, 911
What are the prime factors of 2643831?
3, 19, 15461
List the prime factors of 7590016.
2, 7, 43, 197
List the prime factors of 40259620.
2, 5, 151, 13331
List the prime factors of 7701773.
43, 179111
What are the prime factors of 623072?
2, 19471
What are the prime factors of 439068?
2, 3, 7, 5227
List the prime factors of 717784.
2, 23, 47, 83
List the prime factors of 702065.
5, 7, 13, 1543
List the prime factors of 1774130.
2, 5, 31, 59, 97
List the prime factors of 451847.
11, 41077
List the prime factors of 129432.
2, 3, 5393
List the prime factors of 3406736.
2, 149, 1429
List the prime factors of 14388631.
83, 173357
What are the prime factors of 3504685?
5, 700937
What are the prime factors of 906314?
2, 453157
List the prime factors of 10623234.
2, 3, 1770539
List the prime factors of 779176.
2, 97397
List the prime factors of 157087.
7, 22441
What are the prime factors of 439594?
2, 219797
List the prime factors of 540077.
47, 11491
List the prime factors of 1785349.
67, 26647
What are the prime factors of 872506?
2, 436253
What are the prime factors of 50260?
2, 5, 7, 359
What are the prime factors of 1714642?
2, 857321
List the prime factors of 3639315.
3, 5, 242621
What are the prime factors of 1774803?
3, 591601
List the prime factors of 108808.
2, 7, 29, 67
What are the prime factors of 220462?
2, 11, 911
List the prime factors of 192663.
3, 21407
List the prime factors of 429586.
2, 347, 619
What are the prime factors of 4373002?
2, 19, 115079
What are the prime factors of 173307?
3, 41, 1409
What are the prime factors of 796481?
7, 113783
What are the prime factors of 13951251?
3, 516713
List the prime factors of 20580.
2, 3, 5, 7
List the prime factors of 413261.
31, 13331
List the prime factors of 355210.
2, 5, 35521
List the prime factors of 4899553.
17, 288209
List the prime factors of 401595.
3, 5, 41, 653
What are the prime factors of 15213816?
2, 3, 131, 1613
What are the prime factors of 170828?
2, 7, 6101
What are the prime factors of 875204?
2, 11, 19891
What are the prime factors of 736978?
2, 11, 139, 241
List the prime factors of 1148501.
1148501
What are the prime factors of 98524?
2, 24631
List the prime factors of 24602787.
3, 11, 181, 1373
What are the prime factors of 377180?
2, 5, 18859
What are the prime factors of 158138?
2, 37, 2137
List the prime factors of 205422.
2, 3, 7, 67, 73
List the prime factors of 872257.
872257
List the prime factors of 1018565.
5, 203713
What are the prime factors of 8010797?
461, 17377
List the prime factors of 1076740.
2, 5, 7, 7691
List the prime factors of 14814958.
2, 7407479
What are the prime factors of 15881932?
2, 11, 360953
List the prime factors of 617566.
2, 43, 167
List the prime factors of 274338.
2, 3, 15241
What are the prime factors of 537608?
2, 17, 59, 67
List the prime factors of 255312.
2, 3, 197
What are the prime factors of 1771549?
13, 136273
What are the prime factors of 50330?
2, 5, 7, 719
List the prime factors of 4150042.
2, 13, 159617
List the prime factors of 765110.
2, 5, 76511
List the prime factors of 86772.
2, 3, 7, 1033
What are the prime factors of 1379288?
2, 172411
What are the prime factors of 3487098?
2, 3, 581183
What are the prime factors of 11617552?
2, 726097
List the prime factors of 271610.
2, 5, 157, 173
List the prime factors of 858638.
2, 11, 31, 1259
What are the prime factors of 525481?
11, 23, 31, 67
List the prime factors of 3927659.
89, 44131
List the prime factors of 387589.
53, 71, 103
List the prime factors of 2171257.